
What is -9 - (3 + -4 + 4 - (-10 - 4))?
-26
Calculate 54 - (159 + -91 + 72).
-86
Calculate -433 + 375 - (-43 + 2).
-17
Calculate (4 - -2) + (-111 - (78 - 173)).
-10
Calculate -14 - (1 + 1 - (-4 + -33 - -34)).
-19
What is (-572 - -511) + (0 - -3)?
-58
Evaluate 40 + (-10 - (320 + -302 - (0 - -29))).
41
What is 12 + (-8 - 2 - (418 - 419))?
3
What is the value of 61 + -19 + (65 - 194)?
-87
What is the value of 15 + (43 - (61 + 5)) - ((2 - 4) + -78)?
72
Evaluate (5 - 29) + (-44 + 180 - 112).
0
(4 - -3) + ((1 - 11) + -7 - -13)
3
What is the value of (-2 - (-24 + -48)) + -39?
31
Evaluate -8 - (0 - (0 - 25) - (-91 + 104)).
-20
-17 + (4 - 5) + -30 + 34 - -10
-4
What is 17 + (-8 - 1 - (32 - (18 + 16))) - -82?
92
Calculate 7 - 90 - (-320 + 269).
-32
What is 20 - (6 - -9 - -6) - -3?
2
Calculate 31 - (37 + (21 + 5 - 17)).
-15
-4 + (10 - (15 - 2) - (11 - 22) - -102)
106
What is the value of -11 - (-18 - (12 - 83))?
-64
What is the value of 237 + -215 - ((2 - (1 - (4 - 2))) + 6)?
13
Calculate (-22 - (-84 - -59)) + 5 + -72.
-64
75 + -8 + -31 + 5 + 21
62
Calculate -71 + (-111 - (-104 - 28)).
-50
1 + 16 - (-11331 - -11388)
-40
Evaluate -445 - -451 - (5 - (0 + (-4 - -2) + -136)).
-137
Calculate -34 + -123 + 10 - -28 - -12.
-107
What is 39 - 50 - (-12 + (6 - -31))?
-36
What is -42 + -2 + 2 - ((29 - -6) + -70 - -47)?
-54
Calculate 3 + -27 + 37 + (35 - 4).
44
-80 + 57 - (-15 - (16 - 15 - -64))
57
Evaluate (-15 + 52 - 49) + 31.
19
Calculate 45 + -79 + -28 + 51.
-11
4 - (-87 + (0 - -19))
72
What is the value of 14 + 6 - (44 + -32 + (-25 + 1 - -3))?
29
Calculate -29 + -32 + 68 + -35.
-28
Calculate (-16 + 28 + -13 - -6 - -1) + 91 + -2.
95
(54 - (2 - (-4 - -2))) + -16
34
Evaluate -3 - (-10 - -22 - (-53 - (4 + -1 + 0))).
-71
Calculate (7 - 0) + -7 + 62 + -4 - (-4 + 10).
52
Evaluate 0 - -7 - (58 + -55) - (-16 - (-56 - 1)).
-37
422 + -378 + (-77 - 5)
-38
(17 - -7 - (6 - 10 - 7 - -21)) + -119
-105
Calculate 3 - (2 + (-6 - (18 + -4)) + -7).
28
Evaluate 63 + (23 + 65 - 74).
77
-46 - (56 + -60 - (0 - 14) - 5)
-51
Evaluate 4 + 0 + ((1 - 25) + 34 - 6).
8
-29 + (25 - (15 - -12)) + 56
25
What is the value of 642 - 602 - (-2 - -67)?
-25
Evaluate -8 + 2 + 11 + (29 - 75).
-41
What is the value of (-37 + 11 - -90) + 5?
69
What is the value of -3 + -4 + (-2 + -6 - 7)?
-22
What is -21 + 66 + 5 - (39 - 16)?
27
Evaluate -8 + (-152 - -141) + 20 + -1 - -19 - -6.
25
Calculate -1 - -34 - (-99 - -163).
-31
What is (8 - -2 - (0 + 7)) + -3?
0
What is (-29 - 0) + (141 - (18 + 106))?
-12
What is the value of -13 + (14 - 6) + 4 + (4 - 5)?
-2
What is the value of (77 - (-36 + 53)) + 34 + 0?
94
Calculate 86 - (-33 - (-40 + -69)).
10
What is the value of (-30 - (52 - 71)) + (11 - (-3 - 0))?
3
What is the value of -62 + (61 - -97 - 206)?
-110
Calculate 1 + -53 + (-3 - (14 - 27)) + -15 + 7.
-50
Calculate -19 + (-1 + -4 - (-81 + -55 + -22)).
134
Calculate (2 - (-1 + 8)) + 2 + (-6 - (-34 + -19)).
44
25 + (30 - 8) + (29 - 15)
61
Evaluate -140 + 140 - (-6 - -6 - (-6 - 0) - -33).
-39
-5 + -2 + 57 + -4 - -28
74
What is the value of 9 + -145 + (-49 - -41) - -41?
-103
Evaluate -7 - ((-6 - 5) + 9) - ((-11 - -5) + -3).
4
Calculate (4 - -69) + 17 + -26 + 23 + 2.
89
What is (86 - (82 - 30) - -31) + (-2 - 1 - -1)?
63
What is the value of 22 - (33 - -17) - -43 - 68?
-53
-26 + (8 - 31) + 53 + 121
125
Evaluate (27 - 1) + (-13 - -7) + -3 + -2.
15
14 + (39 - (88 - 44) - (64 + -2))
-53
Evaluate 4 + -27 + 3 - (-168 - -92 - -144).
-88
Calculate -60 + -29 + 37 - -22.
-30
What is 10 + -26 + (11 - (-4 - -1))?
-2
-9 - 4 - ((-13 - -5) + (-9 - -2))
2
What is 10 - 95 - (64 + -180)?
31
(-5 - -1) + -1199 + 1226 + 69
92
Calculate -58 + 1 + 3 + (508 - 487).
-33
(0 - -4 - 52) + 3 - (70 - (105 + -50))
-60
Calculate -1747 + 1696 - (-2 - -4 - 11) - -1.
-41
What is -12 - (1 + (-25 - -11)) - (-14 + 69)?
-54
What is (461 - 468) + (-38 - -2)?
-43
What is the value of 122 + (84 - 269) + (-5 - 1)?
-69
Evaluate -117 - -125 - (-10 - (-17 - 12)).
-11
-55 + -25 + 72 - 1
-9
Evaluate -50 + 46 + 13 + -35.
-26
16 - (-101 + (-97 - -223))
-9
Evaluate -68 - (3 - (19 - (-23 - -44 - 2))).
-71
Calculate -23 - (-115 + 2 + 49).
41
(147 - 150) + 21 + 56
74
Evaluate 67 + -52 - (76 - 1) - (-4 - 8).
-48
What is the value of (-118 - -128) + (-9 - (7 + -8) - 15)?
-13
What is the value of -47 + 98 + -73 + 1 + -5?
-26
-12 + (8 + -13 - -12) + (-19 - 1) + -41
-66
Calculate 94 + 2 + -324 + 161.
-67
What is the value of -224 - -280 - (9 - -23)?
24
What is the value of 25 + -52 + 2 - -38?
13
Calculate 2 - (-45 + -6 + (-12 - -12)).
53
Evaluate 75 - (133 + (-41 - 23)) - (60 + 0 - 1).
-53
Evaluate 6 - 3 - -6 - (67 + (61 - 111)).
-8
Evaluate 46 + (-208 - -7 - -101).
-54
What is (0 - (-48 - -19)) + 9?
38
What is -3 + (-20 - -36) + (-10 - 10)?
-7
What is (102 + -137 - (-1 + -2)) + 105?
73
Calculate (-82 - -144 - 60) + 25.
27
What is the value of (5 - (33 - (2 - (0 + -3)))) + -22 + 23?
-22
5 - 30 - 35 - (-1 - 14)
-45
Calculate 3 + -7 + (30 - (26 + 4)) + (0 - 0).
-4
9 + (-9 + (16 - 21) + 5 - (-13 - -5))
8
What is -25 + 27 + -25 + 12 + 7?
-4
What is 6 + -14 + 3 + -2 + -40 + 39?
-8
Evaluate -219 + 124 - (-60 + 32).
-67
Evaluate 1 + -11 + (51 - (19 - (5 - (1 - 6)))).
32
What is -78 + (-17 - -103) + -8 + -1?
-1
Evaluate (-4 - 11) + (-458 - -434) + 1 + 107.
69
Calculate 120 + (-95 - -71) + -136.
-40
Calculate 29 - (-4 + 10 + (-3 - 33)).
59
What is the value of (-10 - -59) + (-3 - -4)?
50
Calculate (-1 + 1 - 0) + -4 + (-83 - (-15 - 14)).
-58
Calculate (-10 - -36) + 9 - (-5 - -1).
39
Calculate 34 - (-13 - -19) - (-70 - -157).
-59
8 + (-5 - 8) + 65 + (-4 - 4) + -1
51
What is the value of 16 - 22 - (-48 + 23 + -17)?
36
(-72 - -69 - (0 + -1)) + (-74 - -2) + -2
-76
Calculate (-10 - -17) + 4 + -2 + -10.
-1
Calculate 93 - 6 - (-648 - -724).
11
Calculate -14 - (59 + (-2 - 39)).
-32
Evaluate 18 - (-18 + -12 + (-8 - -15)).
41
What is the value of (2 + -3 + (2 - -2) - 20 - 5) + 2?
-20
-24 - (-36 + (18 - 35))
29
What is -19 - (0 - -4 - (-23 + 33)) - -76?
63
(60 + -33 - 34) + 27 - -58
78
-36 + 47 + (39 - -57 - 31)
76
What is the value of -226 + (20 - (-194 + 96))?
-108
Evaluate 25 + (-8 - 1) + -9 + -5 + -17.
-15
What is the value of -18 - (10 + 1 - (46 + -48) - (14 - 6))?
-23
What is 27 - (0 - (-19 - -29))?
37
What is the value of -17 + -7 - -135 - 35?
76
What is (-42 - 0) + 10413 + -10415?
-44
30 - (29 - 4 - (4 - 8))
1
Evaluate 6 + (-15 - (-17 - -13)) + 31.
26
What is the value of -33 - (-201 - -115) - 54?
-1
What is the value of -6 - -8 - ((18 - 79) + 55)?
8
What is the value of 7 + -49 - (-81 + -55 - -30)?
64
Calculate -11 + (14 - 9) + 12 + -11 + 3.
-2
-31 - (22 + -3 + 1 + -5)
-46
Evaluate 120 + (72 - 4 - 186).
2
What is the value of -44 - (39 + -87) - (-2 + 2 + 46)?
-42
-13 + 1 + 6 + -7 + (17 - -21)
25
What is 47 + -4 + 11 + -4 + -23 + -14?
13
Evaluate (6 - 1) + -59 - 5 - (-3 + (6 - 3)).
-59
What is the value of -81 - -41 - -51 - 29?
-18
What is -1 + -2 + 69 - -8 - ((9 - 22) + 7)?
80
6 - (-5 + (-5 - -7) - (3 - (21 + -8)))
-1
What is the value of 13236 + -13553 + (167 - 1)?
-151
Calculate 52 + -15 + 34 + -82.
-11
-15 + 114 + 24 + -82 + (2 - -9)
52
Evaluate (-1 + (-1 - 3) - (-6 + -1)) + 6 + -47.
-39
What is the value of -4 + (4 - -4) - (82 + 4 + -25)?
-57
What is the value of 70 - (103 - (-25 + 77))?
19
Evaluate 1 - (13 - 3) - (-174 - -130) - -3.
38
What is the value of (-64 - 22) + 48 + (2 - 3)?
-39
(5 - -35 - 20) + (-55 - 3)
-38
What is the value of -72 + (0 + -2 - (14 + -51 + 40 + -13))?
-64
What is the value of (-9 - -1) + -3 + (5 - -1) - -45?
40
-11 - (35 - 13 - 45) - (1 + 57)
-46
Calculate -1 + 11 + (-62 + (36 - -58) - -8).
50
Evaluate (-14 - (-8 + 4 + 15)) + -22.
-47
What is the value of -11 + 2 + (1047 - 1082)?
-44
What is the value of 25 - (-90 + (-53 - -100))?
68
What is the value of -24 + 54 + (51 - 44)?
37
Calculate -34 - (5 + -15 + 4 - 5).
-23
Evaluate 41 + -18 + -7 + (17 - (15 - 9)).
27
What is 36 + 6 + (-15 - (-22 - 10)) + -13?
46
What is -31 - (-4 + (17 - (-5 + 9)) - 27)?
-13
What is 47 - (-24 - (-63 - -17))?
25
Evaluate -117 + (29 - -9) - -58.
-21
Calculate 32 + 1 + (37 - 37 - 19 - -33).
47
Calculate 5 - 1 - 9 - (-186 - (-66 - -4)).
119
Evaluate 3 + (7 + -3 - 6) + (8 - 1 - -3).
11
What is -82 + 4 + -5 - -33?
-50
Calculate -23 + (49 - 74) + -41.
-89
105 + -90 - (1 + 4) - (4 + 